er when 232 is divided by 78.
76
Calculate the remainder when 436 is divided by 73.
71
What is the remainder when 113 is divided by 30?
23
What is the remainder when 849 is divided by 257?
78
What is the remainder when 468 is divided by 83?
53
What is the remainder when 548 is divided by 140?
128
Calculate the remainder when 72 is divided by 19.
15
Calculate the remainder when 1327 is divided by 133.
130
Calculate the remainder when 557 is divided by 148.
113
What is the remainder when 486 is divided by 98?
94
What is the remainder when 24 is divided by 14?
10
What is the remainder when 155 is divided by 38?
3
Calculate the remainder when 1634 is divided by 522.
68
What is the remainder when 2554 is divided by 62?
12
Calculate the remainder when 4314 is divided by 715.
24
Calculate the remainder when 59 is divided by 21.
17
Calculate the remainder when 2369 is divided by 336.
17
What is the remainder when 96 is divided by 10?
6
Calculate the remainder when 79 is divided by 29.
21
Calculate the remainder when 58 is divided by 22.
14
Calculate the remainder when 309 is divided by 304.
5
Calculate the remainder when 3590 is divided by 109.
102
Calculate the remainder when 354 is divided by 337.
17
Calculate the remainder when 337 is divided by 81.
13
What is the remainder when 287 is divided by 98?
91
What is the remainder when 2582 is divided by 14?
6
What is the remainder when 566 is divided by 38?
34
Calculate the remainder when 220 is divided by 28.
24
What is the remainder when 129 is divided by 11?
8
What is the remainder when 274 is divided by 60?
34
Calculate the remainder when 153 is divided by 76.
1
Calculate the remainder when 37 is divided by 11.
4
Calculate the remainder when 175 is divided by 4.
3
Calculate the remainder when 965 is divided by 21.
20
What is the remainder when 604 is divided by 163?
115
Calculate the remainder when 1255 is divided by 74.
71
Calculate the remainder when 1894 is divided by 59.
6
Calculate the remainder when 10117 is divided by 191.
185
What is the remainder when 34 is divided by 3?
1
Calculate the remainder when 16799 is divided by 112.
111
Calculate the remainder when 135 is divided by 46.
43
Calculate the remainder when 88 is divided by 20.
8
What is the remainder when 1378 is divided by 138?
136
What is the remainder when 347 is divided by 10?
7
Calculate the remainder when 459 is divided by 6.
3
What is the remainder when 1749 is divided by 40?
29
Calculate the remainder when 718 is divided by 181.
175
Calculate the remainder when 1362 is divided by 139.
111
Calculate the remainder when 3995 is divided by 16.
11
Calculate the remainder when 1965 is divided by 489.
9
What is the remainder when 2694 is divided by 28?
6
Calculate the remainder when 4290 is divided by 9.
6
What is the remainder when 606 is divided by 47?
42
What is the remainder when 2567 is divided by 6?
5
What is the remainder when 223 is divided by 28?
27
What is the remainder when 413 is divided by 23?
22
Calculate the remainder when 23 is divided by 4.
3
Calculate the remainder when 8729 is divided by 74.
71
What is the remainder when 96 is divided by 36?
24
What is the remainder when 321 is divided by 73?
29
What is the remainder when 1227 is divided by 77?
72
What is the remainder when 1909 is divided by 65?
24
What is the remainder when 314 is divided by 29?
24
What is the remainder when 1551 is divided by 359?
115
What is the remainder when 168 is divided by 99?
69
Calculate the remainder when 78 is divided by 40.
38
Calculate the remainder when 4254 is divided by 353.
18
Calculate the remainder when 110 is divided by 80.
30
What is the remainder when 609 is divided by 20?
9
What is the remainder when 1876 is divided by 17?
6
Calculate the remainder when 42 is divided by 12.
6
What is the remainder when 149 is divided by 26?
19
Calculate the remainder when 18700 is divided by 6230.
10
Calculate the remainder when 188 is divided by 16.
12
Calculate the remainder when 2142 is divided by 74.
70
What is the remainder when 220 is divided by 219?
1
What is the remainder when 611 is divided by 121?
6
Calculate the remainder when 316 is divided by 105.
1
What is the remainder when 2830 is divided by 19?
18
What is the remainder when 1441 is divided by 38?
35
What is the remainder when 1150 is divided by 16?
14
What is the remainder when 400 is divided by 15?
10
What is the remainder when 11567 is divided by 133?
129
Calculate the remainder when 68 is divided by 27.
14
Calculate the remainder when 863 is divided by 425.
13
What is the remainder when 2490 is divided by 156?
150
What is the remainder when 91 is divided by 48?
43
What is the remainder when 18 is divided by 16?
2
What is the remainder when 1491 is divided by 227?
129
What is the remainder when 1033 is divided by 220?
153
Calculate the remainder when 1747 is divided by 42.
25
What is the remainder when 95 is divided by 9?
5
What is the remainder when 15 is divided by 13?
2
Calculate the remainder when 10506 is divided by 18.
12
Calculate the remainder when 380 is divided by 89.
24
Calculate the remainder when 2677 is divided by 47.
45
Calculate the remainder when 1471 is divided by 161.
22
What is the remainder when 97 is divided by 10?
7
Calculate the remainder when 8609 is divided by 15.
14
What is the remainder when 2590 is divided by 27?
25
Calculate the remainder when 946 is divided by 17.
11
Calculate the remainder when 2110 is divided by 96.
94
Calculate the remainder when 1049 is divided by 323.
80
Calculate the remainder when 225 is divided by 23.
18
Calculate the remainder when 48 is divided by 13.
9
What is the remainder when 358 is divided by 3?
1
What is the remainder when 1466 is divided by 123?
113
What is the remainder when 248 is divided by 93?
62
Calculate the remainder when 45 is divided by 24.
21
What is the remainder when 18202 is divided by 164?
162
Calculate the remainder when 841 is divided by 45.
31
What is the remainder when 334 is divided by 227?
107
Calculate the remainder when 1918 is divided by 15.
13
What is the remainder when 143 is divided by 29?
27
Calculate the remainder when 52 is divided by 27.
25
What is the remainder when 655 is divided by 82?
81
Calculate the remainder when 144 is divided by 7.
4
What is the remainder when 1275 is divided by 71?
68
Calculate the remainder when 118 is divided by 18.
10
What is the remainder when 1112 is divided by 97?
45
What is the remainder when 67 is divided by 55?
12
Calculate the remainder when 439 is divided by 138.
25
Calculate the remainder when 2909 is divided by 28.
25
Calculate the remainder when 1815 is divided by 36.
15
Calculate the remainder when 68 is divided by 39.
29
Calculate the remainder when 106 is divided by 36.
34
Calculate the remainder when 1513 is divided by 375.
13
What is the remainder when 1276 is divided by 128?
124
What is the remainder when 101 is divided by 26?
23
Calculate the remainder when 3224 is divided by 129.
128
Calculate the remainder when 798 is divided by 18.
6
Calculate the remainder when 887 is divided by 113.
96
What is the remainder when 16 is divided by 15?
1
What is the remainder when 96 is divided by 24?
0
Calculate the remainder when 561 is divided by 30.
21
What is the remainder when 108 is divided by 31?
15
Calculate the remainder when 29 is divided by 2.
1
Calculate the remainder when 3678 is divided by 1222.
12
What is the remainder when 743 is divided by 44?
39
Calculate the remainder when 315 is divided by 195.
120
Calculate the remainder when 1526 is divided by 4.
2
What is the remainder when 335 is divided by 112?
111
Calculate the remainder when 3159 is divided by 29.
27
What is the remainder when 916 is divided by 4?
0
What is the remainder when 1843 is divided by 185?
178
Calculate the remainder when 1448 is divided by 45.
8
What is the remainder when 389 is divided by 65?
64
Calculate the remainder when 130 is divided by 58.
14
What is the remainder when 415 is divided by 14?
9
What is the remainder when 1421 is divided by 16?
13
Calculate the remainder when 899 is divided by 249.
152
Calculate the remainder when 433 is divided by 94.
57
Calculate the remainder when 896 is divided by 173.
31
Calculate the remainder when 517 is divid